/9 - k).
13
Let z = 56 + -38. Calculate the remainder when 106 is divided by z.
16
Suppose 0 = 5*x - s - 287, -3*s - 15 - 219 = -4*x. Suppose 2*b = -b - 4*a + 24, 5*b = -a + x. Calculate the remainder when 34 is divided by b.
10
Let o = 1198 + -400. Suppose -3*t + o = 4*t. Calculate the remainder when t is divided by 23.
22
Let i = -8 - -16. Calculate the remainder when 14 is divided by i.
6
Let o = 243 - 169. What is the remainder when o is divided by 19?
17
Let u = -18 + 12. Let p be 25/10 - u/(-4). Let v = 2 + p. Calculate the remainder when 7 is divided by v.
1
Calculate the remainder when (30/10)/((-6)/(-52)) is divided by 14.
12
Let u(m) = 29*m**3 - m**2 + 3*m - 3. Let v be u(2). What is the remainder when 50 is divided by v/14 + (-2)/(-4)?
16
Suppose -2*w + 3*w + 4*q - 31 = 0, -4*w + 56 = -q. What is the remainder when w is divided by 1/2*(-8)/(-1)?
3
Let x(u) = -u**2 + 5*u - 2. Let d be x(4). Suppose -d*w - 3 = -5. What is the remainder when (w - 3) + 7 - -1 is divided by 4?
2
Let i(x) = -x**3 - 4*x**2 + 6*x - 2. What is the remainder when i(-7) is divided by 104/(-2)*1/(-2)?
25
Suppose 5*j + g - 115 = -0*g, 5*g - 135 = -5*j. What is the remainder when 42 is divided by j?
20
Let i = 152 + -90. Calculate the remainder when -3 - (-3 - i/2) is divided by 8.
7
Let w(j) = j**2 - 5*j + 8. What is the remainder when 25 is divided by w(6)?
11
Let z(o) = o + 3. Let c be z(-5). Let k(j) = -3*j**3 + 3*j**2 + 3*j + 1. Let w = 36 - 25. Calculate the remainder when k(c) is divided by w.
9
Let b = 16 - 10. Let l(d) = d - 4. What is the remainder when 5 is divided by l(b)?
1
Suppose 2*z + 16 = -0*z. Let h(t) = 6*t + 2. Let a(n) = -3*n - 1. Let b(x) = -7*a(x) - 4*h(x). Calculate the remainder when b(z) is divided by 6.
5
Suppose 5*n - d - 1 = 12, 5*n + 2*d = 4. Suppose -5*r + 0 + 10 = 0. Suppose 3*y = 2*y + r. Calculate the remainder when y is divided by n.
0
Suppose -3*w + 20 = 5*f, -6*f = -2*f + 4*w - 8. What is the remainder when 11 is divided by f?
4
Suppose 188 = 4*i - 5*r, -2*i - 2*r = -40 - 72. Calculate the remainder when i is divided by 28.
24
Let g(o) = o**2 + 5*o + 5. Calculate the remainder when g(-5) is divided by 4.
1
Suppose 0 = -3*c + c + 10. Suppose 3*z = b - 41, 5*b - c*z - 215 = -0*z. Let j = b + -23. What is the remainder when 40 is divided by j?
19
Let q be (0 - 2)/((-3)/3). Suppose 3*x + 27 = q*g, 5*g + 3*x = 3*g + 9. What is the remainder when g is divided by 6?
3
Let a = -1 - -2. Let c(y) = 18*y**2 - 2*y + 1. Suppose 16*l = 21*l - 45. What is the remainder when c(a) is divided by l?
8
Let t(w) = -2*w + 14. Let f be t(8). Calculate the remainder when (-16)/(-6)*30/8 is divided by (-195)/(-52) + f/(-8).
2
Suppose 0 = -4*u + 98 + 66. Calculate the remainder when u is divided by 11.
8
Let p be -9*2/(-3) + 2. Suppose -12 = 5*q + p. Calculate the remainder when 777/27 + q/(-18) is divided by 10.
9
Let t = -26 + 52. Calculate the remainder when 50 is divided by t.
24
Let q = 149 + -121. What is the remainder when q is divided by 6?
4
Suppose 54 = h + 2*h. What is the remainder when h is divided by 7?
4
Let j(c) = -4*c - 50. What is the remainder when 53 is divided by j(-17)?
17
Suppose -5*y + y + 116 = 0. Suppose -n + 9 = -6. Calculate the remainder when y is divided by n.
14
Suppose 4*a - 11 = 9, 2*a - 58 = 4*m. Let g be (-3)/3*m/3. Suppose -2*v - g*u = 8, -2*v - v + 2*u = -12. What is the remainder when v is divided by 1?
0
Let x = -2 - -48. Calculate the remainder when x is divided by 10.
6
Let m be (1 - 2)/((-1)/5). Suppose 2*r - 3*d = -m, 4*d = -0*r + 5*r - 5. What is the remainder when 18 is divided by r?
3
Suppose -11*p = -9*p - 30. What is the remainder when p is divided by 6?
3
Suppose -5*n + 1277 = -168. What is the remainder when n is divided by 58?
57
Suppose -3*q = 0, -q - 34 = -2*p + 48. Suppose -3*g = 2*g - 55. What is the remainder when p is divided by g?
8
Let j(c) = -2*c - 4. Let r be j(-4). Suppose -4*f = -0*f - r. Calculate the remainder when 23 is divided by -8*f/3*-3.
7
Let g = 85 + -31. Calculate the remainder when g is divided by 31.
23
Calculate the remainder when 52 is divided by (20/25)/((-2)/(-35)).
10
Let p(t) = t**3 + 7*t**2 + 5*t + 5. What is the remainder when 62/3 + 2/6 is divided by p(-6)?
10
Let c = -28 - -40. What is the remainder when 1 + (10*c)/3 is divided by 14?
13
Let u = -1 - -25. Calculate the remainder when (-6)/(-2) - 871/(-13) is divided by u.
22
Let z(v) = -v**3 - 2*v**2 + 2*v + 4. Calculate the remainder when z(-4) is divided by 15.
13
What is the remainder when (2 - 95/2)*-2 is divided by 16?
11
Let x = -62 + 73. Calculate the remainder when x is divided by 5.
1
Suppose -g - q = -0*q - 41, 0 = -4*q. What is the remainder when g is divided by 16?
9
Suppose a - 108 = -3*a. Suppose -3*c = -5*h + 2 - 22, 2*h + 2 = 0. Let z = 19 - c. Calculate the remainder when a is divided by z.
13
Suppose 0*j = -5*z + 5*j + 95, 5*z - 115 = -5*j. Suppose 4*i = 4 + 4. Suppose -p - i*p = -186. What is the remainder when p is divided by z?
20
Suppose 8 = 2*w - 2*v, -3*w = 4*v - 1 + 3. Suppose 0 = -5*u, -39 = -w*p + 3*u + 7. What is the remainder when p is divided by 13?
10
Let q(p) = p**2 + p - 26. Let l be q(0). Suppose 0 = -h + 5*h - 144. Let i = l + h. What is the remainder when i is divided by 6?
4
Let h(z) = 3*z**2 - 2*z - 2. Let l be h(2). Let d(s) = -s**2 + 13*s - 5. Calculate the remainder when d(l) is divided by 19.
18
Let o = 51 + -9. Let n = o + -30. Calculate the remainder when n is divided by 5.
2
Suppose -h + 2*h - 4 = 0. Let c(p) = 2*p**2 + 7*p - 6. Let l be c(h). Suppose 4*w = 106 + l. Calculate the remainder when w is divided by 14.
12
Let x = 27 - 12. Let c(o) = -3*o + 66. What is the remainder when x is divided by c(21)?
0
Let i be 0 + (-1 + -1 - -53). Suppose -z - 2*z = -i. What is the remainder when z is divided by 5?
2
Let d(c) = c**3 - 4*c**2 + 3*c + 1. Suppose -4*b + 2*n = -0*b - 10, 0 = 3*b + 2*n + 3. What is the remainder when d(3) is divided by b?
0
Let c = 8 - 13. What is the remainder when 29 is divided by (-6)/(-15) + (-73)/c?
14
Calculate the remainder when 89 is divided by (-1)/(-1 - (-66)/69).
20
Let n = 60 + -29. What is the remainder when 122 is divided by n?
29
Let y = -24 - -27. Suppose 0 = -0*o - y*o + 9. What is the remainder when o is divided by 2?
1
Let k = -16 - -18. Suppose -135 = -3*d - k*d. Suppose 0 = -c + 2 + 5. What is the remainder when d is divided by c?
6
Suppose d = -4*i - d + 80, 3*i - 60 = d. Let g = i + -2. Suppose 3*y = -3*z - y + 10, -3*y = -4*z + 55. What is the remainder when g is divided by z?
8
Let z = -3 - -53. What is the remainder when z is divided by 13?
11
Suppose z - 8 = 1. Calculate the remainder when 20 + -3*(-3 + 4) is divided by z.
8
Let z = 6 + 0. What is the remainder when 65 is divided by -17*2/z*-3?
14
Suppose 3*v - 12 = 0, 3*v - 230 + 86 = -4*i. Calculate the remainder when i is divided by 12.
9
Let q(k) = k**3 + 6*k**2 - 10*k - 6. Suppose 3*z + 0*h - 3*h = -6, 3*h - 10 = z. Suppose s = -z - 5. Calculate the remainder when 43 is divided by q(s).
13
Let k(h) = -15*h - 4 + 1 - 6*h. What is the remainder when k(-4) is divided by 28?
25
Suppose 16*w + 116 = 20*w. Calculate the remainder when 54 is divided by w.
25
Let o = 15 + -6. Suppose 3*v - 36 = -o. What is the remainder when 33 is divided by v?
6
Let f = -41 + 69. Let u = 48 + 35. What is the remainder when u is divided by f?
27
Suppose 0 = 59*a - 64*a + 865. What is the remainder when a is divided by 44?
41
Suppose 0 = -5*c + q + 141, 3*q = -2*q - 5. Calculate the remainder when 82 is divided by c.
26
Suppose 5*l - 17 = 163. Let j = -5 - -6. Let f = j + 12. Calculate the remainder when l is divided by f.
10
Let x = -6 - -5. What is the remainder when 33 is divided by (-32)/(-2) + (-2)/x?
15
Suppose -4*z + o + 78 = 1, 18 = z + o. What is the remainder when 56 is divided by z?
18
Let x = -4 - -11. Suppose 4*f - 4*l - 92 = 0, 2*l = -f - l + x. What is the remainder when 36 is divided by f?
17
Let j = -9 - -21. Let h be j*(14/6 + -2). Let y(k) = 2*k**2 - 6*k + 5. Calculate the remainder when 25 is divided by y(h).
12
Let l = 2 + -17. Let c = l + 25. Let j(g) = -g**2 + 13*g - 17. What is the remainder when j(9) is divided by c?
9
Suppose -n + 3*q = 5*q, 0 = 5*q + 5. Suppose v - 81 = 